c - 34. What is j(-6)?
524
Let a(u) = 3*u**3 - 5*u**2 - 7605*u - 37518. What is a(-5)?
7
Let u(t) = 31*t**2 + 3855*t + 1346. Give u(-124).
-18
Let r(s) = -514*s - 12569. What is r(-24)?
-233
Let q(m) = -m**2 + 92192*m + 922040. Determine q(-10).
20
Let t(k) = -7431*k - 1805731. Calculate t(-243).
2
Let h(u) = -u**3 + 49*u**2 - 89*u + 3953. Calculate h(49).
-408
Let v(m) = m**3 + 34*m**2 + 371*m + 7551. Determine v(-30).
21
Let w(t) = 2*t**2 - 110714*t - 2215089. Determine w(-20).
-9
Let b(r) = -529*r**2 + 1132*r - 3385. Calculate b(3).
-4750
Let s(l) = -4*l**2 - 139*l + 204. Calculate s(-9).
1131
Let a(y) = -2323*y - 21477. Give a(-9).
-570
Let b(m) = -929*m - 3167. Calculate b(-3).
-380
Let y(c) = -c**2 - 234419*c + 4219882. Give y(18).
16
Let c(m) = m**3 + 26*m**2 - 1346*m - 3612. What is c(-51)?
9
Let a(h) = -208*h + 4091. What is a(35)?
-3189
Let k(s) = -2*s**3 + 39*s**2 - 15*s + 687. What is k(20)?
-13
Let r(q) = 9776*q + 293205. What is r(-30)?
-75
Let z(r) = 7*r**2 - 1405*r + 33. Calculate z(201).
435
Let g(o) = -35*o**3 - 7*o**2 + 32*o - 24. What is g(1)?
-34
Let d(x) = 18*x**2 + 5412*x - 352110. What is d(55)?
0
Let h(t) = t**3 - 302468*t**2 - 907410*t + 1. Determine h(-3).
-8
Let o(m) = -m**3 + 15*m**2 - 88*m + 438. Calculate o(12).
-186
Let d(s) = -159*s - 17339. Calculate d(-107).
-326
Let s(v) = 17*v**3 - 8090*v**2 - 953*v + 636. What is s(476)?
160
Let u(l) = 41743*l**2 - 292203*l + 9. Calculate u(7).
-5
Let v(g) = 2*g**3 - 279*g**2 + 202*g - 9792. Determine v(139).
-1035
Let m(s) = -330*s - 142. Give m(-1).
188
Let x(b) = -129652*b + 518583. Give x(4).
-25
Let z(n) = -2*n**2 + 238*n + 177136. Determine z(363).
-8
Let g(m) = 21*m**2 - 545*m + 1004. Give g(24).
20
Let u(o) = 1665*o**2 + 36609*o - 2. Calculate u(-22).
460
Let m(u) = 4218*u**2 + 253086*u + 389. Determine m(-60).
29
Let b(v) = 2*v**3 - 52*v**2 + 83*v + 291. Determine b(24).
-21
Let r(v) = v**3 - 16*v**2 - 151*v + 1488. Determine r(10).
-622
Let a(v) = 20*v**2 + 19*v - 31. Determine a(-5).
374
Let j(g) = 74*g**3 + 9*g**2 - 21*g + 7. Calculate j(2).
593
Let g(t) = 28*t**3 - 1792*t**2 - 8*t - 135. What is g(64)?
-647
Let d(p) = -9*p**2 - 2077*p - 6236. Give d(-3).
-86
Let b(s) = -8*s - 791. Determine b(5).
-831
Let k(p) = -2*p**2 + 36181*p + 3638099. What is k(-100)?
-1
Let p(s) = -s**3 - 77*s**2 - 218*s + 18. What is p(-74)?
-278
Let t(w) = 616*w - 18650. Calculate t(31).
446
Let q(c) = -39*c**2 + 487*c + 19. Calculate q(14).
-807
Let n(p) = -1743*p - 1319450. Give n(-757).
1
Let l(m) = -m**3 + 32*m**2 - 463*m + 8852. What is l(27)?
-4
Let h(l) = 3*l**2 - 346*l - 3302. Give h(-10).
458
Let h(g) = 10*g**2 - 3920*g + 34459. Calculate h(9).
-11
Let l(c) = -19*c**2 - 38*c + 453. Determine l(4).
-3
Let a(l) = -27*l + 7727. Calculate a(167).
3218
Let o(t) = 8*t**3 - 153*t**2 + 12*t + 149. Determine o(19).
16
Let l(h) = 8*h**3 - 704*h**2 - 374*h + 32926. What is l(88)?
14
Let w(d) = -132*d - 24126. Determine w(-187).
558
Let h(q) = -352*q - 8207. Give h(-24).
241
Let q(i) = -172*i - 644. What is q(-5)?
216
Let j(y) = -5*y**2 + 334*y - 1202. Determine j(78).
-5570
Let i(m) = -m**2 + 26*m + 36658. Give i(-179).
-37
Let y(u) = 25*u**2 + 2958*u + 6702. Determine y(-116).
-26
Let y(t) = -50*t - 4309. Give y(-103).
841
Let y(m) = -126*m**2 - 2317*m - 82. Determine y(-19).
-1545
Let l(y) = 26*y - 247. Determine l(-6).
-403
Let r(w) = -1460*w - 106564. Calculate r(-73).
16
Let d(m) = -631*m**3 - 5675*m**2 + 41*m + 44. Give d(-9).
-1
Let d(l) = 5*l**2 - 429*l - 12712. What is d(109)?
-68
Let a(c) = -247156*c + 988628. Give a(4).
4
Let q(w) = 4*w**2 - 369*w + 4569. What is q(78)?
123
Let u(c) = 9*c**3 + 444*c**2 - 305*c - 620. Determine u(-50).
-370
Let c(m) = m**3 - 152*m**2 - 1485*m - 59. What is c(-10)?
-1409
Let i(j) = -j**3 - 24*j**2 - 5*j + 833. Calculate i(-7).
35
Let w(k) = -2*k**3 - 1326*k**2 - 5219*k + 34929. Give w(-659).
2
Let o(u) = u**3 - 530*u**2 - 25*u - 19. Determine o(0).
-19
Let l(q) = -3*q**2 - 47*q + 129. Determine l(10).
-641
Let h(w) = -37395*w - 149576. Calculate h(-4).
4
Let k(u) = 10*u**2 - 54*u + 22. Calculate k(22).
3674
Let y(q) = -514*q + 146494. Give y(285).
4
Let j(p) = -p**3 - 85*p**2 - 807*p + 284. Calculate j(-74).
-234
Let r(h) = -51333*h - 1231977. Give r(-24).
15
Let m(j) = -16*j**2 - 1187*j - 4774. Calculate m(-4).
-282
Let c(i) = -51*i**3 - 3769*i**2 + 369*i - 70. What is c(-74)?
4
Let s(l) = 31*l**3 + 2*l**2 - 11*l + 28. Determine s(0).
28
Let j(i) = i**3 - 55*i**2 - 311*i + 243. What is j(61)?
3598
Let v(m) = 29*m**3 - 28335*m**2 + 1956*m - 1954. What is v(977)?
0
Let k(l) = 6*l**3 - 528*l**2 - 6*l + 254. Give k(88).
-274
Let i(g) = -14*g**2 + 356*g - 2088. Calculate i(6).
-456
Let i(y) = -1691*y - 569874. What is i(-337)?
-7
Let c(y) = y**3 - 199*y**2 - 1395*y. Give c(-7).
-329
Let a(j) = -2*j**3 + 100*j**2 + 1022*j - 47150. Give a(51).
-230
Let b(k) = 2*k**2 + 100250*k + 2605127. What is b(-26)?
-21
Let m(g) = 2*g**3 - 3*g**2 + 305*g + 1202. What is m(-4)?
-194
Let j(c) = 2207*c + 461274. Calculate j(-209).
11
Let i(y) = -15*y**3 + 12*y**2 + 92*y - 355. Give i(4).
-755
Let f(h) = -5*h**2 + 1055*h - 20786. Calculate f(189).
4
Let m(c) = c**2 + 12094*c + 157091. Give m(-13).
38
Let c(r) = 94336*r + 3396090. What is c(-36)?
-6
Let w(v) = 2*v**2 - 606*v + 38383. Calculate w(100).
-2217
Let n(a) = -2*a**3 + 16*a**2 - 217*a + 689. Calculate n(6).
-469
Let y(q) = -q**3 + 66*q**2 + 203*q + 160. Give y(69).
-116
Let m(l) = l**3 - 37*l**2 + 1174*l - 43553. What is m(37)?
-115
Let d(h) = 2*h**2 + 30466*h - 152349. Determine d(5).
31
Let m(s) = -s**3 - 38*s**2 - 106*s + 15. Determine m(-37).
2568
Let k(l) = -121*l**3 - 5448*l**2 - 117*l + 812. Determine k(-45).
2
Let n(f) = 2437*f + 185210. Calculate n(-76).
-2
Let a(v) = -1403*v + 5912. Determine a(4).
300
Let v(l) = -8372*l + 92053. What is v(11)?
-39
Let o(d) = 12*d**2 - 928*d - 352. What is o(78)?
272
Let w(n) = 15*n**2 + 201*n - 22. Determine w(-14).
104
Let n(r) = 17177*r - 34343. Determine n(2).
11
Let g(u) = u**3 - 16*u**2 - 39*u + 1038. Calculate g(15).
228
Let o(z) = -9*z - 229. What is o(20)?
-409
Let s(c) = -15*c**3 + 148*c**2 - 290*c + 3106. Give s(10).
6
Let q(o) = 443*o - 12466. Give q(25).
-1391
Let k(o) = 118*o**2 - 234*o - 4. What is k(2)?
0
Let f(r) = 45*r - 1930. What is f(53)?
455
Let g(q) = -16*q**2 + 1463*q + 883. Calculate g(92).
55
Let s(n) = 19388*n - 891828. Determine s(46).
20
Let l(o) = -29*o**2 - 2589*o + 5283. Determine l(2).
-11
Let y(k) = -67*k**2 + 19081*k + 3974. Give y(285).
-16
Let n(g) = -7914*g - 2025962. What is n(-256)?
22
Let l(r) = 5*r**3 - 20*r**2 - 245*r - 732. Determine l(-3).
-312
Let x(v) = -v**3 + 103*v**2 + 2754*v - 112. Give x(125).
388
Let o(l) = 5*l**3 - 143*l**2 + 24*l + 87. Calculate o(28).
-1593
Let z(y) = 51*y + 7972. What is z(-135)?
1087
Let u(k) = 435*k + 70475. What is u(-162)?
5
Let z(g) = 3*g**2 + 315*g + 5742. What is z(-19)?
840
Let z(o) = o**3 - 74*o**2 + 827*o - 4802. Calculate z(62).
344
Let a(y) = -y**2 - 75177*y - 225516. Give a(-3).
6
Let y(f) = 157*f**2 + 8130*f - 58. What is y(-51)?
-6331
Let s(o) = -o**3 - 65*o**2 + 975*o + 819. Determine s(-78).
3861
Let a(b) = 1519*b + 45663. What is a(-30)?
93
Let b(f) = -266*f + 31923. Calculate b(120).
3
Let h(a) = 462*a - 24030. Give h(52).
-6
Let a(o) = -3*o**2 + 767*o - 41471. What is a(178)?
3
Let f(d) = 3206*d + 1118905. Give f(-349).
11
Let f(i) = -i**2 + 12612*i + 37826. Calculate f(-3).
-19
Let y(z) = -3*z**2 + 133*z + 4102. Calculate y(-22).
-276
Let p(l) = 2*l**3 - 321*l**2 + 449*l + 4480. Calculate p(159).
28
Let q(f) = 15*f**2 + 894*f + 13263. What is q(-28)?
-9
Let t(m) = -997*m - 23294. What is t(-22)?
-1360
Let y(g) = -38859*g + 194464. Calculate y(5).
169
Let n(w) = -w**3 + 18*w**2 + 1234*w - 26431. Determine n(25).
44
Let c(w) = w**3 + 354*w**2 + 19632*w + 104. What is c(-69)?
2381
Let u(a) = 1798*a + 10783. Give u(-6).
-5
Let z(a) = a**3 + 17*a**2 - 24*a - 340. Determine z(-15).
470
Let l(s) = -1274*s + 839665. Give l(659).
99
Let b(m) = 35*m - 8309. Determine b(233).
-154
Let a(u) = 75965*u - 67. Calculate a(0).
-67
Let u(m) = -14*m**2 - 3*m + 1133. Determine u(-14).
-1569
Let v(b) = 311946*b - 1247787. Determine v(4).
-3
Let l(c) = -c**3 - 70*c**2 - 817*c - 56894. Calc